{"id":136,"date":"2021-08-09T14:01:54","date_gmt":"2021-08-09T12:01:54","guid":{"rendered":"https:\/\/hurtchem.com.pl\/wordpress\/wordpress\/index.php\/produkty-z-tworzyw-sztucznych\/"},"modified":"2021-08-17T08:21:51","modified_gmt":"2021-08-17T06:21:51","slug":"produkty-z-tworzyw-sztucznych","status":"publish","type":"page","link":"https:\/\/hurtchem.com.pl\/index.php\/produkty-z-tworzyw-sztucznych\/","title":{"rendered":"Produkty z tworzyw sztucznych"},"content":{"rendered":"\n<p class=\"has-text-color\" style=\"color:#ff6c03;font-size:30px\"><strong>Produkty z tworzyw sztucznych dla laboratori\u00f3w<\/strong><\/p>\n\n\n\n<p><\/p>\n\n\n\n<ul class=\"wp-block-list\"><li>Kolby, cylindry, zlewki, lejki, tryskawki, butelki<\/li><li>Ko\u0144c\u00f3wki do pipet<\/li><li>Piety Pasteura<\/li><li>Mieszade\u0142ka magnetyczne<\/li><li>Szczotki laboratoryjne<\/li><li>W\u0119\u017ce<\/li><\/ul>\n\n\n\n<h2 class=\"wp-block-heading\">NASI PARTNERZY\u00a0<\/h2>\n\n\n\n<h2 class=\"wp-block-heading\"><img loading=\"lazy\" decoding=\"async\" src=\"http:\/\/hurtchem.com.pl\/images\/HURTCHEM\/producenci\/brand.jpg\" alt=\"\" width=\"150\" height=\"118\"><img loading=\"lazy\" decoding=\"async\" src=\"http:\/\/hurtchem.com.pl\/images\/HURTCHEM\/producenci\/eppendorf.jpg\" alt=\"\" width=\"150\" height=\"118\"><img loading=\"lazy\" decoding=\"async\" src=\"http:\/\/hurtchem.com.pl\/images\/HURTCHEM\/producenci\/htl.jpg\" alt=\"\" width=\"150\" height=\"118\"><img loading=\"lazy\" decoding=\"async\" src=\"http:\/\/hurtchem.com.pl\/images\/HURTCHEM\/producenci\/kartell.jpg\" alt=\"\" width=\"150\" height=\"118\"><img loading=\"lazy\" decoding=\"async\" src=\"http:\/\/hurtchem.com.pl\/images\/HURTCHEM\/producenci\/kautex.jpg\" alt=\"\" width=\"150\" height=\"118\"><img loading=\"lazy\" decoding=\"async\" src=\"http:\/\/hurtchem.com.pl\/images\/HURTCHEM\/producenci\/margomed.jpg\" alt=\"\" width=\"150\" height=\"118\"><img loading=\"lazy\" decoding=\"async\" src=\"http:\/\/hurtchem.com.pl\/images\/HURTCHEM\/producenci\/medlab.jpg\" alt=\"\" width=\"150\" height=\"118\"><img loading=\"lazy\" decoding=\"async\" src=\"http:\/\/hurtchem.com.pl\/images\/HURTCHEM\/producenci\/sinpo.jpg\" alt=\"\" width=\"150\" height=\"118\"><img loading=\"lazy\" decoding=\"async\" src=\"http:\/\/hurtchem.com.pl\/images\/HURTCHEM\/producenci\/vitlab.jpg\" alt=\"\" width=\"150\" height=\"118\"><img loading=\"lazy\" decoding=\"async\" src=\"http:\/\/hurtchem.com.pl\/images\/HURTCHEM\/producenci\/vwr.jpg\" alt=\"\" width=\"150\" height=\"118\"><\/h2>\n","protected":false},"excerpt":{"rendered":"<p>Produkty z tworzyw sztucznych dla laboratori\u00f3w Kolby, cylindry, zlewki, lejki, tryskawki, butelki Ko\u0144c\u00f3wki do pipet Piety Pasteura Mieszade\u0142ka magnetyczne Szczotki laboratoryjne W\u0119\u017ce NASI PARTNERZY\u00a0<\/p>\n","protected":false},"author":1,"featured_media":0,"parent":0,"menu_order":0,"comment_status":"closed","ping_status":"closed","template":"","meta":{"footnotes":""},"class_list":["post-136","page","type-page","status-publish","hentry"],"_links":{"self":[{"href":"https:\/\/hurtchem.com.pl\/index.php\/wp-json\/wp\/v2\/pages\/136","targetHints":{"allow":["GET"]}}],"collection":[{"href":"https:\/\/hurtchem.com.pl\/index.php\/wp-json\/wp\/v2\/pages"}],"about":[{"href":"https:\/\/hurtchem.com.pl\/index.php\/wp-json\/wp\/v2\/types\/page"}],"author":[{"embeddable":true,"href":"https:\/\/hurtchem.com.pl\/index.php\/wp-json\/wp\/v2\/users\/1"}],"replies":[{"embeddable":true,"href":"https:\/\/hurtchem.com.pl\/index.php\/wp-json\/wp\/v2\/comments?post=136"}],"version-history":[{"count":3,"href":"https:\/\/hurtchem.com.pl\/index.php\/wp-json\/wp\/v2\/pages\/136\/revisions"}],"predecessor-version":[{"id":407,"href":"https:\/\/hurtchem.com.pl\/index.php\/wp-json\/wp\/v2\/pages\/136\/revisions\/407"}],"wp:attachment":[{"href":"https:\/\/hurtchem.com.pl\/index.php\/wp-json\/wp\/v2\/media?parent=136"}],"curies":[{"name":"wp","href":"https:\/\/api.w.org\/{rel}","templated":true}]}}