{"id":135,"date":"2021-08-09T14:01:54","date_gmt":"2021-08-09T12:01:54","guid":{"rendered":"https:\/\/hurtchem.com.pl\/wordpress\/wordpress\/index.php\/szklo-laboratoryjne\/"},"modified":"2021-08-17T08:26:12","modified_gmt":"2021-08-17T06:26:12","slug":"szklo-laboratoryjne","status":"publish","type":"page","link":"https:\/\/hurtchem.com.pl\/index.php\/szklo-laboratoryjne\/","title":{"rendered":"Szk\u0142o laboratoryjne"},"content":{"rendered":"\n<p class=\"has-text-color\" style=\"color:#ff6a00;font-size:30px\"><strong>Szk\u0142o laboratoryjne<\/strong><\/p>\n\n\n\n<p><\/p>\n\n\n\n<ul class=\"wp-block-list\"><li>Szk\u0142o miarowe<\/li><li>Szk\u0142o podstawowe<\/li><li>Aparaty i zestawy<\/li><li>Szk\u0142o filtracyjne<\/li><li>Szk\u0142o kwarcowe<\/li><li>Porcelana<\/li><\/ul>\n\n\n\n<p>Naczynia i pojemniki to podstawowe wyposa\u017cenie ka\u017cdego laboratorium, bez kt\u00f3rego niemo\u017cliwe by\u0142oby wykonanie nawet podstawowych analiz. Nasza hurtownia oferuje szeroki wyb\u00f3r szk\u0142a do laboratori\u00f3w chemicznych, biologicznych, fizycznych i innych.<\/p>\n\n\n\n<p><strong>Bogaty i zr\u00f3\u017cnicowany asortyment \u2013 naczynia laboratoryjne do Twojego laboratorium<\/strong><\/p>\n\n\n\n<p>Szk\u0142o laboratoryjne, jakie chcemy Ci zaproponowa\u0107 z pewno\u015bci\u0105 zaspokoi potrzeby twojego laboratorium w ka\u017cdym zakresie, bowiem asortyment jest nie tylko bogaty, ale te\u017c zr\u00f3\u017cnicowany. Oferujemy Ci takie szk\u0142a laboratoryjne jak:<br>\u2022 podstawowe szk\u0142o laboratoryjne &#8211; kolby, zlewki, ch\u0142odnice, \u0142\u0105czniki,<br>\u2022 szk\u0142o miarowe \u2013 termometry, cylindry i kolby miarowe, biurety, pipety itp.,<br>\u2022 szk\u0142o filtracyjne,<br>\u2022 szk\u0142o kwarcowe, techniczne,<br>\u2022 naczynia laboratoryjne,<br>\u2022 porcelana laboratoryjna,<\/p>\n\n\n\n<p>W asortymencie posiadamy te\u017c aparaty i ca\u0142e zestawy naczy\u0144 szklanych do niezb\u0119dnego wyposa\u017cenia laboratorium.<\/p>\n\n\n\n<p><strong>Naczynia laboratoryjne i szk\u0142a laboratoryjne najwy\u017cszej jako\u015bci<\/strong><\/p>\n\n\n\n<p>Szk\u0142o laboratoryjne, jakie znajdziesz w naszym asortymencie to produkty spe\u0142niaj\u0105ce najwy\u017csze normy europejskie przewidziane dla tego typu akcesori\u00f3w. Zalet\u0105 szk\u0142a jest uniwersalno\u015b\u0107 i wysoka odporno\u015b\u0107 na zwi\u0105zki chemiczne, dzi\u0119ki czemu jest ono idealne do pracy z agresywnymi zwi\u0105zkami chemicznymi. Cech\u0105 szk\u0142a jest te\u017c ma\u0142a rozszerzalno\u015b\u0107 termiczna i znaczna wytrzyma\u0142o\u015b\u0107 na temperatury, gwa\u0142towne zmiany temperatur, a tak\u017ce wysoki poziom septyczno\u015bci, tak wa\u017cnej w laboratoriach mikrobiologicznych.<\/p>\n\n\n\n<p>Wybieraj\u0105c szk\u0142o laboratoryjne z naszej oferty, otrzymujesz gwarancj\u0119 wysokiej jako\u015bci, wytrzyma\u0142o\u015bci i dostosowania do wymaga\u0144 laboratorium bez wzgl\u0119du na profil jego dzia\u0142ania. Gwarantujemy jako\u015b\u0107 firmowan\u0105 znanymi, renomowanymi markami \u2013 takimi jak Merc Millipore Polska, kompleksowe wyposa\u017cenie i kr\u00f3tki termin realizacji zam\u00f3wienia.<\/p>\n\n\n\n<p>Poszukujesz wyposa\u017cenia do laboratorium? Zadzwo\u0144 do nas i zam\u00f3w szk\u0142o laboratoryjne!<\/p>\n\n\n\n<h2 class=\"wp-block-heading\">NASI PARTNERZY<\/h2>\n\n\n\n<h2 class=\"wp-block-heading\"><img loading=\"lazy\" decoding=\"async\" src=\"http:\/\/hurtchem.com.pl\/images\/HURTCHEM\/producenci\/brand.jpg\" alt=\"\" width=\"150\" height=\"118\"><img loading=\"lazy\" decoding=\"async\" src=\"http:\/\/hurtchem.com.pl\/images\/HURTCHEM\/producenci\/schott_duran.jpg\" alt=\"\" width=\"150\" height=\"118\"><img loading=\"lazy\" decoding=\"async\" src=\"http:\/\/hurtchem.com.pl\/images\/HURTCHEM\/producenci\/chemland.jpg\" alt=\"\" width=\"150\" height=\"118\"><img loading=\"lazy\" decoding=\"async\" src=\"http:\/\/hurtchem.com.pl\/images\/HURTCHEM\/producenci\/hirschmann.jpg\" alt=\"\" width=\"150\" height=\"118\"><img loading=\"lazy\" decoding=\"async\" src=\"http:\/\/hurtchem.com.pl\/images\/HURTCHEM\/producenci\/jipo.jpg\" alt=\"\" width=\"150\" height=\"118\"><img loading=\"lazy\" decoding=\"async\" src=\"http:\/\/hurtchem.com.pl\/images\/HURTCHEM\/producenci\/labit.jpg\" alt=\"\" width=\"150\" height=\"118\"><img loading=\"lazy\" decoding=\"async\" src=\"http:\/\/hurtchem.com.pl\/images\/HURTCHEM\/producenci\/labor_szklo.jpg\" alt=\"\" width=\"150\" height=\"118\"><img loading=\"lazy\" decoding=\"async\" src=\"http:\/\/hurtchem.com.pl\/images\/HURTCHEM\/producenci\/simax.jpg\" alt=\"\" width=\"150\" height=\"118\"><img loading=\"lazy\" decoding=\"async\" src=\"http:\/\/hurtchem.com.pl\/images\/HURTCHEM\/producenci\/stamar.jpg\" alt=\"\" width=\"150\" height=\"118\"><img loading=\"lazy\" decoding=\"async\" src=\"http:\/\/hurtchem.com.pl\/images\/HURTCHEM\/producenci\/wpl.jpg\" alt=\"\" width=\"150\" height=\"118\"><img loading=\"lazy\" decoding=\"async\" src=\"http:\/\/hurtchem.com.pl\/images\/HURTCHEM\/producenci\/wsl.jpg\" alt=\"\" width=\"150\" height=\"118\"><img loading=\"lazy\" decoding=\"async\" src=\"http:\/\/hurtchem.com.pl\/images\/HURTCHEM\/producenci\/vwr.jpg\" alt=\"\" width=\"150\" height=\"118\"><\/h2>\n","protected":false},"excerpt":{"rendered":"<p>Szk\u0142o laboratoryjne Szk\u0142o miarowe Szk\u0142o podstawowe Aparaty i zestawy Szk\u0142o filtracyjne Szk\u0142o kwarcowe Porcelana Naczynia i pojemniki to podstawowe wyposa\u017cenie ka\u017cdego laboratorium, bez kt\u00f3rego niemo\u017cliwe by\u0142oby wykonanie nawet podstawowych analiz. Nasza hurtownia oferuje szeroki wyb\u00f3r szk\u0142a do laboratori\u00f3w chemicznych, biologicznych, fizycznych i innych. Bogaty i zr\u00f3\u017cnicowany asortyment \u2013 naczynia laboratoryjne do Twojego laboratorium Szk\u0142o laboratoryjne, [&hellip;]<\/p>\n","protected":false},"author":1,"featured_media":0,"parent":0,"menu_order":0,"comment_status":"closed","ping_status":"closed","template":"","meta":{"footnotes":""},"class_list":["post-135","page","type-page","status-publish","hentry"],"_links":{"self":[{"href":"https:\/\/hurtchem.com.pl\/index.php\/wp-json\/wp\/v2\/pages\/135","targetHints":{"allow":["GET"]}}],"collection":[{"href":"https:\/\/hurtchem.com.pl\/index.php\/wp-json\/wp\/v2\/pages"}],"about":[{"href":"https:\/\/hurtchem.com.pl\/index.php\/wp-json\/wp\/v2\/types\/page"}],"author":[{"embeddable":true,"href":"https:\/\/hurtchem.com.pl\/index.php\/wp-json\/wp\/v2\/users\/1"}],"replies":[{"embeddable":true,"href":"https:\/\/hurtchem.com.pl\/index.php\/wp-json\/wp\/v2\/comments?post=135"}],"version-history":[{"count":2,"href":"https:\/\/hurtchem.com.pl\/index.php\/wp-json\/wp\/v2\/pages\/135\/revisions"}],"predecessor-version":[{"id":413,"href":"https:\/\/hurtchem.com.pl\/index.php\/wp-json\/wp\/v2\/pages\/135\/revisions\/413"}],"wp:attachment":[{"href":"https:\/\/hurtchem.com.pl\/index.php\/wp-json\/wp\/v2\/media?parent=135"}],"curies":[{"name":"wp","href":"https:\/\/api.w.org\/{rel}","templated":true}]}}